{"id":67,"date":"2015-04-27T14:54:32","date_gmt":"2015-04-27T12:54:32","guid":{"rendered":"http:\/\/web-look.ch\/swh-2015\/?page_id=67"},"modified":"2026-02-05T16:15:40","modified_gmt":"2026-02-05T15:15:40","slug":"download","status":"publish","type":"page","link":"https:\/\/schwanger-wir-helfen.ch\/?page_id=67","title":{"rendered":"Bezug Babyausstattung"},"content":{"rendered":"<p>In unserer Hilfsstelle kann eine komplette Babyausstattung f\u00fcr die ersten drei Lebensjahre des Kindes bezogen werden.<\/p>\n<p><strong><span style=\"color: #800080;\"><a style=\"color: #800080;\" href=\"http:\/\/web-look.ch\/swh-2015\/wp-content\/uploads\/2025\/09\/Flyer-Standardausstattung-fuer-Sozialwerke-Muetter.png\">Standardausstattung<\/a><\/span><\/strong><\/p>\n<p>Unsere Hilfsstelle befindet sich in Bern. Die Babyausstattungsgegenst\u00e4nde sind vor Ort abzuholen (ein Auto ist vor allem beim Abholen von Babybetten von Vorteil).<\/p>\n<h3><span style=\"color: #800080;\">Bezugsm\u00f6glichkeiten Babyausstattung<\/span><\/h3>\n<p>Wenn Sie finanziell durch einen <strong>Sozial- oder Fl\u00fcchtlingsdienst<\/strong> unterst\u00fctzt werden, MUSS die Bestellung <strong>\u00fcber den jeweiligen Dienst<\/strong> erfolgen. Die Sozial- und Fl\u00fcchtlingsdienste bezahlen pro angemeldete schwangere Klientin eine Bearbeitungsgeb\u00fchr von CHF 300.00. Die Anmeldeunterlagen finden Sie weiter unten.<\/p>\n<p>Wenn Sie von keinem Sozialwerk unterst\u00fctzt werden, d\u00fcrfen Sie sich <strong>per Mail oder telefonisch bei uns melden<\/strong>. Im gemeinsamen Gespr\u00e4ch kl\u00e4ren wir Ihre M\u00f6glichkeiten und erstellen ein Budget als \u00dcberblick \u00fcber Ihre finanzielle Lage. Ist das Budget knapp, d\u00fcrfen Sie bei uns <strong>unentgeltlich eine Babyausstattung beziehen<\/strong>.<\/p>\n<h3><span style=\"color: #800080;\">Anmeldeunterlagen f\u00fcr Sozial- und Fl\u00fcchtlingsdienste<\/span><\/h3>\n<ul>\n<li>\n<h5><span style=\"text-decoration: underline;\"><span style=\"color: #800080;\"><a style=\"color: #800080; text-decoration: underline;\" href=\"http:\/\/web-look.ch\/swh-2015\/wp-content\/uploads\/2024\/12\/Formular-Bestellung-Babyausstattung-25-01.pdf\" target=\"_blank\" rel=\"noopener\"><strong>Formular<\/strong> Bestellung Babyausstattung<\/a><\/span><\/span><\/h5>\n<\/li>\n<li>\n<h5><span style=\"text-decoration: underline;\"><span style=\"color: #800080; text-decoration: underline;\"><a style=\"color: #800080; text-decoration: underline;\" href=\"http:\/\/web-look.ch\/swh-2015\/wp-content\/uploads\/2025\/02\/Merkblatt-Bestellung-Babyausstattung-Januar-2025.pdf\"><strong>Merkblatt<\/strong>\u00a0Bestellung Babyausstattung<\/a><\/span><\/span><\/h5>\n<\/li>\n<\/ul>\n<p>Sozial- und Fl\u00fcchtlingsdienste k\u00f6nnen das Bestellformular und Merkblatt herunterladen und uns die notwendigen Informationen per Mail <strong><span style=\"color: #800080;\"><a style=\"color: #800080;\" href=\"mailto:info@schwanger-wir-helfen.ch\">info@schwanger-wir-helfen.ch <\/a><\/span><\/strong>oder per Post zustellen. <strong>Bitte f\u00fcllen Sie das Formular elektronisch aus, danke!<\/strong><\/p>\n<p>Bitte keine Bestellungen per WhatsApp.<\/p>\n<p>Bestellungen fr\u00fchzeitig senden. Wir haben Lieferfristen von bis zu drei Wochen.<\/p>\n<p>Bitte beachten Sie unsere \u00d6ffnungszeiten und unsere Betriebsferienzeiten.<\/p>\n<p>Falls absolut keine andere Transportm\u00f6glichkeit vorhanden ist: Transport des Materials nach M\u00f6glichkeit und Absprache im Raum Bern und Umgebung. Kostengutsprache erforderlich! Entsprechendes Formular kann hier angefordert werden: <span style=\"color: #800080;\"><strong><a style=\"color: #800080;\" href=\"mailto:info@schwanger-wir-helfen.ch\">info@schwanger-wir-helfen.ch<\/a><\/strong><\/span>.<\/p>\n<p>&nbsp;<\/p>\n<p><img loading=\"lazy\" decoding=\"async\" src=\"http:\/\/web-look.ch\/swh-2015\/wp-content\/uploads\/2026\/02\/Kleiderpaket-rosa-scaled.jpg\" alt=\"Kleiderpaket rosa\" width=\"2560\" height=\"1920\" \/><\/p>\n<p>&nbsp;<\/p>\n","protected":false},"excerpt":{"rendered":"<p>In unserer Hilfsstelle kann eine komplette Babyausstattung f\u00fcr die ersten drei Lebensjahre des Kindes bezogen werden. Standardausstattung Unsere Hilfsstelle befindet sich in Bern. Die Babyausstattungsgegenst\u00e4nde sind vor Ort abzuholen (ein Auto ist vor allem beim Abholen von Babybetten von Vorteil).<\/p>\n","protected":false},"author":1,"featured_media":0,"parent":0,"menu_order":4,"comment_status":"closed","ping_status":"closed","template":"","meta":{"footnotes":""},"class_list":["post-67","page","type-page","status-publish","hentry"],"yoast_head":"<!-- This site is optimized with the Yoast SEO plugin v27.6 - https:\/\/yoast.com\/product\/yoast-seo-wordpress\/ -->\n<title>Bezug Babyausstattung - Schwanger wir helfen<\/title>\n<meta name=\"description\" content=\"Merkbl\u00e4tter f\u00fcr Sozialdienste sowie unsere \u00d6ffnungszeiten.\" \/>\n<meta name=\"robots\" content=\"index, follow, max-snippet:-1, max-image-preview:large, max-video-preview:-1\" \/>\n<link rel=\"canonical\" href=\"https:\/\/schwanger-wir-helfen.ch\/?page_id=67\" \/>\n<meta property=\"og:locale\" content=\"de_DE\" \/>\n<meta property=\"og:type\" content=\"article\" \/>\n<meta property=\"og:title\" content=\"Bezug Babyausstattung - Schwanger wir helfen\" \/>\n<meta property=\"og:description\" content=\"Merkbl\u00e4tter f\u00fcr Sozialdienste sowie unsere \u00d6ffnungszeiten.\" \/>\n<meta property=\"og:url\" content=\"https:\/\/schwanger-wir-helfen.ch\/?page_id=67\" \/>\n<meta property=\"og:site_name\" content=\"Schwanger wir helfen\" \/>\n<meta property=\"article:modified_time\" content=\"2026-02-05T15:15:40+00:00\" \/>\n<meta property=\"og:image\" content=\"http:\/\/web-look.ch\/swh-2015\/wp-content\/uploads\/2026\/02\/Kleiderpaket-rosa-scaled.jpg\" \/>\n<meta name=\"twitter:card\" content=\"summary_large_image\" \/>\n<meta name=\"twitter:label1\" content=\"Gesch\u00e4tzte Lesezeit\" \/>\n\t<meta name=\"twitter:data1\" content=\"2\u00a0Minuten\" \/>\n<script type=\"application\/ld+json\" class=\"yoast-schema-graph\">{\"@context\":\"https:\\\/\\\/schema.org\",\"@graph\":[{\"@type\":\"WebPage\",\"@id\":\"https:\\\/\\\/schwanger-wir-helfen.ch\\\/?page_id=67\",\"url\":\"https:\\\/\\\/schwanger-wir-helfen.ch\\\/?page_id=67\",\"name\":\"Bezug Babyausstattung - Schwanger wir helfen\",\"isPartOf\":{\"@id\":\"https:\\\/\\\/schwanger-wir-helfen.ch\\\/#website\"},\"primaryImageOfPage\":{\"@id\":\"https:\\\/\\\/schwanger-wir-helfen.ch\\\/?page_id=67#primaryimage\"},\"image\":{\"@id\":\"https:\\\/\\\/schwanger-wir-helfen.ch\\\/?page_id=67#primaryimage\"},\"thumbnailUrl\":\"http:\\\/\\\/web-look.ch\\\/swh-2015\\\/wp-content\\\/uploads\\\/2026\\\/02\\\/Kleiderpaket-rosa-scaled.jpg\",\"datePublished\":\"2015-04-27T12:54:32+00:00\",\"dateModified\":\"2026-02-05T15:15:40+00:00\",\"description\":\"Merkbl\u00e4tter f\u00fcr Sozialdienste sowie unsere \u00d6ffnungszeiten.\",\"breadcrumb\":{\"@id\":\"https:\\\/\\\/schwanger-wir-helfen.ch\\\/?page_id=67#breadcrumb\"},\"inLanguage\":\"de\",\"potentialAction\":[{\"@type\":\"ReadAction\",\"target\":[\"https:\\\/\\\/schwanger-wir-helfen.ch\\\/?page_id=67\"]}]},{\"@type\":\"ImageObject\",\"inLanguage\":\"de\",\"@id\":\"https:\\\/\\\/schwanger-wir-helfen.ch\\\/?page_id=67#primaryimage\",\"url\":\"http:\\\/\\\/web-look.ch\\\/swh-2015\\\/wp-content\\\/uploads\\\/2026\\\/02\\\/Kleiderpaket-rosa-scaled.jpg\",\"contentUrl\":\"http:\\\/\\\/web-look.ch\\\/swh-2015\\\/wp-content\\\/uploads\\\/2026\\\/02\\\/Kleiderpaket-rosa-scaled.jpg\"},{\"@type\":\"BreadcrumbList\",\"@id\":\"https:\\\/\\\/schwanger-wir-helfen.ch\\\/?page_id=67#breadcrumb\",\"itemListElement\":[{\"@type\":\"ListItem\",\"position\":1,\"name\":\"Home\",\"item\":\"https:\\\/\\\/schwanger-wir-helfen.ch\\\/\"},{\"@type\":\"ListItem\",\"position\":2,\"name\":\"Bezug Babyausstattung\"}]},{\"@type\":\"WebSite\",\"@id\":\"https:\\\/\\\/schwanger-wir-helfen.ch\\\/#website\",\"url\":\"https:\\\/\\\/schwanger-wir-helfen.ch\\\/\",\"name\":\"Schwanger wir helfen\",\"description\":\"Unabh\u00e4nige Anlaufstelle f\u00fcr Beratung\",\"potentialAction\":[{\"@type\":\"SearchAction\",\"target\":{\"@type\":\"EntryPoint\",\"urlTemplate\":\"https:\\\/\\\/schwanger-wir-helfen.ch\\\/?s={search_term_string}\"},\"query-input\":{\"@type\":\"PropertyValueSpecification\",\"valueRequired\":true,\"valueName\":\"search_term_string\"}}],\"inLanguage\":\"de\"}]}<\/script>\n<!-- \/ Yoast SEO plugin. -->","yoast_head_json":{"title":"Bezug Babyausstattung - Schwanger wir helfen","description":"Merkbl\u00e4tter f\u00fcr Sozialdienste sowie unsere \u00d6ffnungszeiten.","robots":{"index":"index","follow":"follow","max-snippet":"max-snippet:-1","max-image-preview":"max-image-preview:large","max-video-preview":"max-video-preview:-1"},"canonical":"https:\/\/schwanger-wir-helfen.ch\/?page_id=67","og_locale":"de_DE","og_type":"article","og_title":"Bezug Babyausstattung - Schwanger wir helfen","og_description":"Merkbl\u00e4tter f\u00fcr Sozialdienste sowie unsere \u00d6ffnungszeiten.","og_url":"https:\/\/schwanger-wir-helfen.ch\/?page_id=67","og_site_name":"Schwanger wir helfen","article_modified_time":"2026-02-05T15:15:40+00:00","og_image":[{"url":"http:\/\/web-look.ch\/swh-2015\/wp-content\/uploads\/2026\/02\/Kleiderpaket-rosa-scaled.jpg","type":"","width":"","height":""}],"twitter_card":"summary_large_image","twitter_misc":{"Gesch\u00e4tzte Lesezeit":"2\u00a0Minuten"},"schema":{"@context":"https:\/\/schema.org","@graph":[{"@type":"WebPage","@id":"https:\/\/schwanger-wir-helfen.ch\/?page_id=67","url":"https:\/\/schwanger-wir-helfen.ch\/?page_id=67","name":"Bezug Babyausstattung - Schwanger wir helfen","isPartOf":{"@id":"https:\/\/schwanger-wir-helfen.ch\/#website"},"primaryImageOfPage":{"@id":"https:\/\/schwanger-wir-helfen.ch\/?page_id=67#primaryimage"},"image":{"@id":"https:\/\/schwanger-wir-helfen.ch\/?page_id=67#primaryimage"},"thumbnailUrl":"http:\/\/web-look.ch\/swh-2015\/wp-content\/uploads\/2026\/02\/Kleiderpaket-rosa-scaled.jpg","datePublished":"2015-04-27T12:54:32+00:00","dateModified":"2026-02-05T15:15:40+00:00","description":"Merkbl\u00e4tter f\u00fcr Sozialdienste sowie unsere \u00d6ffnungszeiten.","breadcrumb":{"@id":"https:\/\/schwanger-wir-helfen.ch\/?page_id=67#breadcrumb"},"inLanguage":"de","potentialAction":[{"@type":"ReadAction","target":["https:\/\/schwanger-wir-helfen.ch\/?page_id=67"]}]},{"@type":"ImageObject","inLanguage":"de","@id":"https:\/\/schwanger-wir-helfen.ch\/?page_id=67#primaryimage","url":"http:\/\/web-look.ch\/swh-2015\/wp-content\/uploads\/2026\/02\/Kleiderpaket-rosa-scaled.jpg","contentUrl":"http:\/\/web-look.ch\/swh-2015\/wp-content\/uploads\/2026\/02\/Kleiderpaket-rosa-scaled.jpg"},{"@type":"BreadcrumbList","@id":"https:\/\/schwanger-wir-helfen.ch\/?page_id=67#breadcrumb","itemListElement":[{"@type":"ListItem","position":1,"name":"Home","item":"https:\/\/schwanger-wir-helfen.ch\/"},{"@type":"ListItem","position":2,"name":"Bezug Babyausstattung"}]},{"@type":"WebSite","@id":"https:\/\/schwanger-wir-helfen.ch\/#website","url":"https:\/\/schwanger-wir-helfen.ch\/","name":"Schwanger wir helfen","description":"Unabh\u00e4nige Anlaufstelle f\u00fcr Beratung","potentialAction":[{"@type":"SearchAction","target":{"@type":"EntryPoint","urlTemplate":"https:\/\/schwanger-wir-helfen.ch\/?s={search_term_string}"},"query-input":{"@type":"PropertyValueSpecification","valueRequired":true,"valueName":"search_term_string"}}],"inLanguage":"de"}]}},"_links":{"self":[{"href":"https:\/\/schwanger-wir-helfen.ch\/index.php?rest_route=\/wp\/v2\/pages\/67","targetHints":{"allow":["GET"]}}],"collection":[{"href":"https:\/\/schwanger-wir-helfen.ch\/index.php?rest_route=\/wp\/v2\/pages"}],"about":[{"href":"https:\/\/schwanger-wir-helfen.ch\/index.php?rest_route=\/wp\/v2\/types\/page"}],"author":[{"embeddable":true,"href":"https:\/\/schwanger-wir-helfen.ch\/index.php?rest_route=\/wp\/v2\/users\/1"}],"replies":[{"embeddable":true,"href":"https:\/\/schwanger-wir-helfen.ch\/index.php?rest_route=%2Fwp%2Fv2%2Fcomments&post=67"}],"version-history":[{"count":131,"href":"https:\/\/schwanger-wir-helfen.ch\/index.php?rest_route=\/wp\/v2\/pages\/67\/revisions"}],"predecessor-version":[{"id":926,"href":"https:\/\/schwanger-wir-helfen.ch\/index.php?rest_route=\/wp\/v2\/pages\/67\/revisions\/926"}],"wp:attachment":[{"href":"https:\/\/schwanger-wir-helfen.ch\/index.php?rest_route=%2Fwp%2Fv2%2Fmedia&parent=67"}],"curies":[{"name":"wp","href":"https:\/\/api.w.org\/{rel}","templated":true}]}}