{"id":48,"date":"2015-04-27T10:32:59","date_gmt":"2015-04-27T08:32:59","guid":{"rendered":"http:\/\/web-look.ch\/swh-2015\/?page_id=48"},"modified":"2026-03-02T16:19:44","modified_gmt":"2026-03-02T15:19:44","slug":"in-not","status":"publish","type":"page","link":"https:\/\/schwanger-wir-helfen.ch\/?page_id=48","title":{"rendered":"Wir helfen"},"content":{"rendered":"<h3><span style=\"color: #800080;\">Ungeplant schwanger?<\/span><\/h3>\n<p>Eine ungeplante Schwangerschaft stellt Betroffene v\u00f6llig unvorbereitet vor unz\u00e4hlige Fragen und ist begleitet von Unsicherheit, Angst, \u00dcberforderung, Wut, Trauer, Stress, &#8230;<\/p>\n<p>Gerne unterst\u00fctzen wir Sie im Sortieren Ihrer M\u00f6glichkeiten, auf Wunsch auch anonym.<\/p>\n<p>&nbsp;<\/p>\n<h3><span style=\"color: #800080;\">Unsere Angebote<\/span><\/h3>\n<p><span style=\"color: #800080;\"><strong>Beratung<\/strong><\/span><br \/>\nf\u00fcr Frauen und Familien, die durch eine Schwangerschaft in Not geraten. Wir beraten kostenlos, vertraulich und lebensbejahend.<\/p>\n<p><span style=\"color: #800080;\"><strong>Babyausstattung<br \/>\n<\/strong><\/span>Bezug einer <span style=\"text-decoration: underline;\"><span style=\"color: #000000;\"><a style=\"color: #000000; text-decoration: underline;\" href=\"http:\/\/web-look.ch\/swh-2015\/wp-content\/uploads\/2025\/09\/Flyer-Standardausstattung-fuer-Sozialwerke-Muetter.png\"><strong>Babyausstattung<\/strong> <\/a><\/span><\/span>\u00a0f\u00fcr Familien mit knappem Budget. Wir stellen s\u00e4mtliches Material f\u00fcrs Baby f\u00fcr die ersten drei Lebensjahre zur Verf\u00fcgung.<\/p>\n<p><span style=\"color: #800080;\"><strong>Notwohnungen<\/strong><\/span><br \/>\nF\u00fcr schwangere Frauen und M\u00fctter von Kleinkindern in einer Notsituation.<\/p>\n<p><span style=\"color: #800080;\"><strong>finanzielle Unterst\u00fctzung<\/strong><\/span><br \/>\nPunktuelle Hilfe in einer Notlage kann mit Beitr\u00e4gen aus unserem M\u00fctterfonds geleistet werden.<\/p>\n<p>&nbsp;<\/p>\n<h3><span style=\"color: #800080;\">In Not durch eine Schwangerschaft?<\/span><\/h3>\n<p>Ein (zus\u00e4tzliches) Familienmitglied kann eine ohnehin schon angespannte finanzielle Lage weiter erschweren. Gerne begleiten wir Sie beim Finden von Unterst\u00fctzung.<\/p>\n<p>Rufen Sie uns an oder schreiben Sie uns (E-Mail oder Kontaktformular). Unsere Beratungen sind unentgeltlich und vertraulich.<\/p>\n<p><strong>031 961 64 74<\/strong><br \/>\n<strong><span style=\"color: #800080;\"><a style=\"color: #800080;\" href=\"mailto:hilfe@schwanger-wir-helfen.ch\">hilfe@schwanger-wir-helfen.ch<\/a><\/span><\/strong><\/p>\n<p><span style=\"color: #800080;\"><strong>Kontaktformular<\/strong><\/span><\/p>\n\n<div class=\"wpcf7 no-js\" id=\"wpcf7-f162-o1\" lang=\"de-DE\" dir=\"ltr\" data-wpcf7-id=\"162\">\n<div class=\"screen-reader-response\"><p role=\"status\" aria-live=\"polite\" aria-atomic=\"true\"><\/p> <ul><\/ul><\/div>\n<form action=\"\/index.php?rest_route=%2Fwp%2Fv2%2Fpages%2F48#wpcf7-f162-o1\" method=\"post\" class=\"wpcf7-form init\" aria-label=\"Kontaktformular\" novalidate=\"novalidate\" data-status=\"init\">\n<fieldset class=\"hidden-fields-container\"><input type=\"hidden\" name=\"_wpcf7\" value=\"162\" \/><input type=\"hidden\" name=\"_wpcf7_version\" value=\"6.1.6\" \/><input type=\"hidden\" name=\"_wpcf7_locale\" value=\"de_DE\" \/><input type=\"hidden\" name=\"_wpcf7_unit_tag\" value=\"wpcf7-f162-o1\" \/><input type=\"hidden\" name=\"_wpcf7_container_post\" value=\"0\" \/><input type=\"hidden\" name=\"_wpcf7_posted_data_hash\" value=\"\" \/>\n<\/fieldset>\n<p><span class=\"wpcf7-form-control-wrap\" data-name=\"Gespraech\"><span class=\"wpcf7-form-control wpcf7-checkbox\"><span class=\"wpcf7-list-item first last\"><input type=\"checkbox\" name=\"Gespraech[]\" value=\"Ich w\u00fcnsche ein unverbindliches Gespr\u00e4ch.\" \/><span class=\"wpcf7-list-item-label\">Ich w\u00fcnsche ein unverbindliches Gespr\u00e4ch.<\/span><\/span><\/span><\/span>\n<\/p>\n<p><span class=\"wpcf7-form-control-wrap\" data-name=\"Hilfe\"><span class=\"wpcf7-form-control wpcf7-checkbox\"><span class=\"wpcf7-list-item first last\"><input type=\"checkbox\" name=\"Hilfe[]\" value=\"Ich brauche Ihre Hilfe.\" \/><span class=\"wpcf7-list-item-label\">Ich brauche Ihre Hilfe.<\/span><\/span><\/span><\/span> Bitte rufen Sie mich an.\n<\/p>\n<p><span class=\"wpcf7-form-control-wrap\" data-name=\"message\"><textarea cols=\"40\" rows=\"10\" maxlength=\"2000\" class=\"wpcf7-form-control wpcf7-textarea\" aria-invalid=\"false\" placeholder=\"Mein Anliegen, meine Bemerkung oder Fragen.\" name=\"message\"><\/textarea><\/span><br \/>\n<span class=\"wpcf7-form-control-wrap\" data-name=\"fname\"><input size=\"40\" maxlength=\"400\" class=\"wpcf7-form-control wpcf7-text\" aria-invalid=\"false\" placeholder=\"Name\" value=\"\" type=\"text\" name=\"fname\" \/><\/span><br \/>\n<span class=\"wpcf7-form-control-wrap\" data-name=\"vorname\"><input size=\"40\" maxlength=\"400\" class=\"wpcf7-form-control wpcf7-text\" aria-invalid=\"false\" placeholder=\"Vorname\" value=\"\" type=\"text\" name=\"vorname\" \/><\/span><br \/>\n<span class=\"wpcf7-form-control-wrap\" data-name=\"strasse\"><input size=\"40\" maxlength=\"400\" class=\"wpcf7-form-control wpcf7-text\" aria-invalid=\"false\" placeholder=\"Strasse\" value=\"\" type=\"text\" name=\"strasse\" \/><\/span><br \/>\n<span class=\"wpcf7-form-control-wrap\" data-name=\"plz_ort\"><input size=\"40\" maxlength=\"400\" class=\"wpcf7-form-control wpcf7-text\" aria-invalid=\"false\" placeholder=\"PLZ und Ort\" value=\"\" type=\"text\" name=\"plz_ort\" \/><\/span><br \/>\n<span class=\"wpcf7-form-control-wrap\" data-name=\"telefon\"><input size=\"40\" maxlength=\"400\" class=\"wpcf7-form-control wpcf7-text\" aria-invalid=\"false\" placeholder=\"Telefon\" value=\"\" type=\"text\" name=\"telefon\" \/><\/span><br \/>\n<span class=\"wpcf7-form-control-wrap\" data-name=\"e_mail\"><input size=\"40\" maxlength=\"400\" class=\"wpcf7-form-control wpcf7-email wpcf7-text wpcf7-validates-as-email\" aria-invalid=\"false\" placeholder=\"E-Mail\" value=\"\" type=\"email\" name=\"e_mail\" \/><\/span><br \/>\n<span class=\"wpcf7-form-control-wrap\" data-name=\"erreichbarkeit\"><input size=\"40\" maxlength=\"400\" class=\"wpcf7-form-control wpcf7-text\" aria-invalid=\"false\" placeholder=\"Am besten bin ich erreichbar (Tageszeit)\" value=\"\" type=\"text\" name=\"erreichbarkeit\" \/><\/span><br \/>\n<input type=\"hidden\" name=\"_wpcf7_captcha_challenge_captcha-195\" value=\"776954206\" \/><img loading=\"lazy\" decoding=\"async\" class=\"wpcf7-form-control wpcf7-captchac wpcf7-captcha-captcha-195\" width=\"72\" height=\"24\" alt=\"captcha\" src=\"https:\/\/web-look.ch\/swh-2015\/wp-content\/uploads\/wpcf7_captcha\/776954206.png\" \/><br \/>\nBitte tragen Sie die Zeichen in das untere Feld ein um die Nachricht abzuschicken.<br \/>\n<span class=\"wpcf7-form-control-wrap\" data-name=\"captcha-195\"><input size=\"40\" class=\"wpcf7-form-control wpcf7-captchar\" autocomplete=\"off\" aria-invalid=\"false\" value=\"\" type=\"text\" name=\"captcha-195\" \/><\/span>\n<\/p>\n<p><input class=\"wpcf7-form-control wpcf7-submit has-spinner\" type=\"submit\" value=\"Senden\" \/>\n<\/p><div class=\"wpcf7-response-output\" aria-hidden=\"true\"><\/div>\n<\/form>\n<\/div>\n\n","protected":false},"excerpt":{"rendered":"<p>Ungeplant schwanger? Eine ungeplante Schwangerschaft stellt Betroffene v\u00f6llig unvorbereitet vor unz\u00e4hlige Fragen und ist begleitet von Unsicherheit, Angst, \u00dcberforderung, Wut, Trauer, Stress, &#8230; Gerne unterst\u00fctzen wir Sie im Sortieren Ihrer M\u00f6glichkeiten, auf Wunsch auch anonym. &nbsp; Unsere Angebote Beratung f\u00fcr<\/p>\n","protected":false},"author":1,"featured_media":0,"parent":0,"menu_order":2,"comment_status":"closed","ping_status":"closed","template":"","meta":{"footnotes":""},"class_list":["post-48","page","type-page","status-publish","hentry"],"yoast_head":"<!-- This site is optimized with the Yoast SEO plugin v27.6 - https:\/\/yoast.com\/product\/yoast-seo-wordpress\/ -->\n<title>Wir helfen - Schwanger wir helfen<\/title>\n<meta name=\"description\" content=\"Wenn Schwangerschaft f\u00fcr Sie oder eine Ihnen bekannte Frau Not bedeutet - dann hilft diskret 031 961 27 27 oder per Mail: hilfe@schwanger-wir-helfen.ch\" \/>\n<meta name=\"robots\" content=\"index, follow, max-snippet:-1, max-image-preview:large, max-video-preview:-1\" \/>\n<link rel=\"canonical\" href=\"https:\/\/schwanger-wir-helfen.ch\/?page_id=48\" \/>\n<meta property=\"og:locale\" content=\"de_DE\" \/>\n<meta property=\"og:type\" content=\"article\" \/>\n<meta property=\"og:title\" content=\"Wir helfen - Schwanger wir helfen\" \/>\n<meta property=\"og:description\" content=\"Wenn Schwangerschaft f\u00fcr Sie oder eine Ihnen bekannte Frau Not bedeutet - dann hilft diskret 031 961 27 27 oder per Mail: hilfe@schwanger-wir-helfen.ch\" \/>\n<meta property=\"og:url\" content=\"https:\/\/schwanger-wir-helfen.ch\/?page_id=48\" \/>\n<meta property=\"og:site_name\" content=\"Schwanger wir helfen\" \/>\n<meta property=\"article:modified_time\" content=\"2026-03-02T15:19:44+00:00\" \/>\n<meta name=\"twitter:card\" content=\"summary_large_image\" \/>\n<meta name=\"twitter:label1\" content=\"Gesch\u00e4tzte Lesezeit\" \/>\n\t<meta name=\"twitter:data1\" content=\"1\u00a0Minute\" \/>\n<script type=\"application\/ld+json\" class=\"yoast-schema-graph\">{\"@context\":\"https:\\\/\\\/schema.org\",\"@graph\":[{\"@type\":\"WebPage\",\"@id\":\"https:\\\/\\\/schwanger-wir-helfen.ch\\\/?page_id=48\",\"url\":\"https:\\\/\\\/schwanger-wir-helfen.ch\\\/?page_id=48\",\"name\":\"Wir helfen - Schwanger wir helfen\",\"isPartOf\":{\"@id\":\"https:\\\/\\\/schwanger-wir-helfen.ch\\\/#website\"},\"datePublished\":\"2015-04-27T08:32:59+00:00\",\"dateModified\":\"2026-03-02T15:19:44+00:00\",\"description\":\"Wenn Schwangerschaft f\u00fcr Sie oder eine Ihnen bekannte Frau Not bedeutet - dann hilft diskret 031 961 27 27 oder per Mail: hilfe@schwanger-wir-helfen.ch\",\"breadcrumb\":{\"@id\":\"https:\\\/\\\/schwanger-wir-helfen.ch\\\/?page_id=48#breadcrumb\"},\"inLanguage\":\"de\",\"potentialAction\":[{\"@type\":\"ReadAction\",\"target\":[\"https:\\\/\\\/schwanger-wir-helfen.ch\\\/?page_id=48\"]}]},{\"@type\":\"BreadcrumbList\",\"@id\":\"https:\\\/\\\/schwanger-wir-helfen.ch\\\/?page_id=48#breadcrumb\",\"itemListElement\":[{\"@type\":\"ListItem\",\"position\":1,\"name\":\"Home\",\"item\":\"https:\\\/\\\/schwanger-wir-helfen.ch\\\/\"},{\"@type\":\"ListItem\",\"position\":2,\"name\":\"Wir helfen\"}]},{\"@type\":\"WebSite\",\"@id\":\"https:\\\/\\\/schwanger-wir-helfen.ch\\\/#website\",\"url\":\"https:\\\/\\\/schwanger-wir-helfen.ch\\\/\",\"name\":\"Schwanger wir helfen\",\"description\":\"Unabh\u00e4nige Anlaufstelle f\u00fcr Beratung\",\"potentialAction\":[{\"@type\":\"SearchAction\",\"target\":{\"@type\":\"EntryPoint\",\"urlTemplate\":\"https:\\\/\\\/schwanger-wir-helfen.ch\\\/?s={search_term_string}\"},\"query-input\":{\"@type\":\"PropertyValueSpecification\",\"valueRequired\":true,\"valueName\":\"search_term_string\"}}],\"inLanguage\":\"de\"}]}<\/script>\n<!-- \/ Yoast SEO plugin. -->","yoast_head_json":{"title":"Wir helfen - Schwanger wir helfen","description":"Wenn Schwangerschaft f\u00fcr Sie oder eine Ihnen bekannte Frau Not bedeutet - dann hilft diskret 031 961 27 27 oder per Mail: hilfe@schwanger-wir-helfen.ch","robots":{"index":"index","follow":"follow","max-snippet":"max-snippet:-1","max-image-preview":"max-image-preview:large","max-video-preview":"max-video-preview:-1"},"canonical":"https:\/\/schwanger-wir-helfen.ch\/?page_id=48","og_locale":"de_DE","og_type":"article","og_title":"Wir helfen - Schwanger wir helfen","og_description":"Wenn Schwangerschaft f\u00fcr Sie oder eine Ihnen bekannte Frau Not bedeutet - dann hilft diskret 031 961 27 27 oder per Mail: hilfe@schwanger-wir-helfen.ch","og_url":"https:\/\/schwanger-wir-helfen.ch\/?page_id=48","og_site_name":"Schwanger wir helfen","article_modified_time":"2026-03-02T15:19:44+00:00","twitter_card":"summary_large_image","twitter_misc":{"Gesch\u00e4tzte Lesezeit":"1\u00a0Minute"},"schema":{"@context":"https:\/\/schema.org","@graph":[{"@type":"WebPage","@id":"https:\/\/schwanger-wir-helfen.ch\/?page_id=48","url":"https:\/\/schwanger-wir-helfen.ch\/?page_id=48","name":"Wir helfen - Schwanger wir helfen","isPartOf":{"@id":"https:\/\/schwanger-wir-helfen.ch\/#website"},"datePublished":"2015-04-27T08:32:59+00:00","dateModified":"2026-03-02T15:19:44+00:00","description":"Wenn Schwangerschaft f\u00fcr Sie oder eine Ihnen bekannte Frau Not bedeutet - dann hilft diskret 031 961 27 27 oder per Mail: hilfe@schwanger-wir-helfen.ch","breadcrumb":{"@id":"https:\/\/schwanger-wir-helfen.ch\/?page_id=48#breadcrumb"},"inLanguage":"de","potentialAction":[{"@type":"ReadAction","target":["https:\/\/schwanger-wir-helfen.ch\/?page_id=48"]}]},{"@type":"BreadcrumbList","@id":"https:\/\/schwanger-wir-helfen.ch\/?page_id=48#breadcrumb","itemListElement":[{"@type":"ListItem","position":1,"name":"Home","item":"https:\/\/schwanger-wir-helfen.ch\/"},{"@type":"ListItem","position":2,"name":"Wir helfen"}]},{"@type":"WebSite","@id":"https:\/\/schwanger-wir-helfen.ch\/#website","url":"https:\/\/schwanger-wir-helfen.ch\/","name":"Schwanger wir helfen","description":"Unabh\u00e4nige Anlaufstelle f\u00fcr Beratung","potentialAction":[{"@type":"SearchAction","target":{"@type":"EntryPoint","urlTemplate":"https:\/\/schwanger-wir-helfen.ch\/?s={search_term_string}"},"query-input":{"@type":"PropertyValueSpecification","valueRequired":true,"valueName":"search_term_string"}}],"inLanguage":"de"}]}},"_links":{"self":[{"href":"https:\/\/schwanger-wir-helfen.ch\/index.php?rest_route=\/wp\/v2\/pages\/48","targetHints":{"allow":["GET"]}}],"collection":[{"href":"https:\/\/schwanger-wir-helfen.ch\/index.php?rest_route=\/wp\/v2\/pages"}],"about":[{"href":"https:\/\/schwanger-wir-helfen.ch\/index.php?rest_route=\/wp\/v2\/types\/page"}],"author":[{"embeddable":true,"href":"https:\/\/schwanger-wir-helfen.ch\/index.php?rest_route=\/wp\/v2\/users\/1"}],"replies":[{"embeddable":true,"href":"https:\/\/schwanger-wir-helfen.ch\/index.php?rest_route=%2Fwp%2Fv2%2Fcomments&post=48"}],"version-history":[{"count":24,"href":"https:\/\/schwanger-wir-helfen.ch\/index.php?rest_route=\/wp\/v2\/pages\/48\/revisions"}],"predecessor-version":[{"id":942,"href":"https:\/\/schwanger-wir-helfen.ch\/index.php?rest_route=\/wp\/v2\/pages\/48\/revisions\/942"}],"wp:attachment":[{"href":"https:\/\/schwanger-wir-helfen.ch\/index.php?rest_route=%2Fwp%2Fv2%2Fmedia&parent=48"}],"curies":[{"name":"wp","href":"https:\/\/api.w.org\/{rel}","templated":true}]}}